c be ((-116)/(-6))/(8/12). Let t = c + 0. Suppose -t = -3*w + 76. Calculate the remainder when w is divided by 18.
17
Let x = -67 - -116. Suppose x = w + 6. What is the remainder when w is divided by 1/(-6) - (-364)/24?
13
Suppose 0 = 2*q + n - 32, 0 = 4*q - q - 3*n - 39. Suppose -29 = -0*t - t. What is the remainder when t is divided by q?
14
Suppose 0 = 5*b + 3*q - 88, 0 = -5*b - 4*q + 19 + 70. Calculate the remainder when b is divided by 6.
5
Let p = 18 + 14. What is the remainder when (504/20)/((-2)/20*-2) is divided by p?
30
Suppose -7*r + 341 + 226 = 0. Calculate the remainder when r is divided by 28.
25
What is the remainder when 51 is divided by (2/4)/((-4)/(-104))?
12
Suppose 4*t + 4 = 4*r, 2*t = -5*r + t + 11. Suppose -v + 37 = r*j, 4*v = 7 + 5. Suppose 193 + 107 = 6*c. What is the remainder when c is divided by j?
16
Suppose -5*r + 4 + 6 = 0, 4*z + 2 = 5*r. Suppose -z*w - 90 = -4*w. Calculate the remainder when w is divided by 12.
9
What is the remainder when 74 is divided by (2 + -3 - -4)*(-57)/(-9)?
17
Let a(b) = b**2 - 5*b + 2. Suppose 4*u - w - 70 = 0, -w = 2*u + w - 40. Calculate the remainder when a(10) is divided by u.
16
Let v = -142 - -150. What is the remainder when v is divided by 2?
0
Suppose 2*f + 3*o + 36 - 86 = 0, -2*o - 68 = -4*f. Suppose 0 = -0*u - 3*u - 4*m + f, -3*u + 17 = 5*m. What is the remainder when 42 is divided by u?
6
Let z(v) = v**3 - 7*v**2 + 9*v - 4. Calculate the remainder when 27 is divided by z(6).
13
Let u be 50/(-15)*(-3)/2. Suppose -14 = u*t - 84. What is the remainder when 40 is divided by t?
12
Let i = 49 + 243. Let k = -170 + i. Calculate the remainder when k is divided by 31.
29
Let z(i) = 6*i - 4*i**2 + 5*i**2 + 0 + 5. Let h be 1*-2*(2 + 1). Calculate the remainder when z(h) is divided by 3.
2
Suppose 12 = -63*q + 67*q. What is the remainder when 5 is divided by q?
2
Suppose -12 = 7*d - 54. Calculate the remainder when 35 is divided by d.
5
Suppose s - 2*f - 16 - 3 = 0, 4*s = 2*f + 100. What is the remainder when s is divided by 7?
6
Let n be (-2)/1 + 1*4. Suppose -n*r + 4 = -4. What is the remainder when 7 is divided by r?
3
Let c(p) = -p**2 + 7*p - 5. Let k = 5 - 0. Let n be c(k). Suppose -n*w + 65 + 94 = 3*l, 0 = 4*w - l - 134. Calculate the remainder when w is divided by 17.
16
Suppose 0 = -2*c - 2*c - 40. Let r = c + 15. Calculate the remainder when r is divided by 3.
2
Let x(h) = -h**3 - h**2 + 5*h - 1. Suppose -54 - 122 = -4*c. Let i = c - 30. Calculate the remainder when x(-4) is divided by i.
13
Suppose 0 = -4*p - 0 + 12. Suppose -p*k = -117 - 78. Suppose -2*t + 11 = -33. What is the remainder when k is divided by t?
21
Suppose -k - 10 = -5, 5*k = 3*d - 79. Suppose -3*f + 3*b = -d, -5*b + 5 = 4*f - 1. Calculate the remainder when 23 is divided by (-8)/(-3)*18/f.
11
Let o(b) be the first derivative of 2*b**3/3 + b**2/2 - 2*b + 1. Calculate the remainder when o(-4) is divided by (15 + -11)*(14/8)/1.
5
Let x(l) = l + 18. Calculate the remainder when 46 is divided by x(-6).
10
Suppose -i = -0*i - 20. Suppose -5*t = -i, 3*u - t - 122 = 3*t. Suppose 0 = h + 4*h - 80. Calculate the remainder when u is divided by h.
14
Calculate the remainder when 233/7 + 4/(-14) is divided by 5.
3
Let r = -27 - -67. Let b(a) = -a**2 - 9*a. Let k(h) = -h**3 + 10*h**2 - 2*h + 13. Let g be k(10). What is the remainder when r is divided by b(g)?
12
Let f = -19 - -32. Calculate the remainder when 25 is divided by f.
12
Suppose -5*z + 1 - 3 = 4*v, 5*v - 4 = -3*z. Let h = 9 - v. What is the remainder when 19 is divided by h?
5
Let m(y) = -2*y + 22. Calculate the remainder when 10 is divided by m(10).
0
Let y be ((-28)/(-16))/((-1)/(-12)). Let t = y - 2. What is the remainder when t is divided by 6/4 + (-17)/(-2)?
9
Let b = -57 - -107. Calculate the remainder when b is divided by 13.
11
Let l(p) = p**3 + 11*p**2 + 4*p + 15. Let v be l(-10). Let r = v - 54. Calculate the remainder when 82 is divided by r.
19
Calculate the remainder when 59 is divided by 3/((-2)/(62/(-3))).
28
Suppose s - 5*r = 31, 0 = 3*r - 0*r + 12. Calculate the remainder when 31 is divided by s.
9
Suppose -j = -19 - 2. Suppose 3*d - 180 = -0. Calculate the remainder when d is divided by j.
18
Suppose -3 = 3*p, -4*u - 4*p + 89 = -115. Let o = u + -6. What is the remainder when o is divided by (1 - -3 - -7) + 1?
10
What is the remainder when (-3)/(9/(-57)) - -1 is divided by 11?
9
Let a = 9 + -36. Let w be 3/(a/60)*-27. Suppose -4*y - 12 = -w. Calculate the remainder when y is divided by 15.
12
What is the remainder when 96 is divided by (16 + (-7 - -5))*(-7)/(-2)?
47
Let r(a) = a**2 + 5*a + 4. What is the remainder when (-12)/(-5)*15/2 is divided by r(-6)?
8
Let t(u) = -u**3 + 7*u**2 - 4*u. What is the remainder when 42 is divided by t(6)?
6
Let u(n) = -14*n**2 + 29*n - 15. Let z(c) = -5*c**2 + 10*c - 5. Let l(t) = 6*u(t) - 17*z(t). Calculate the remainder when 26 is divided by l(-6).
5
Let w(t) be the first derivative of -t**3/3 - 7*t**2/2 - 3*t - 1. Let a = 3 + -9. What is the remainder when 7 is divided by w(a)?
1
Let t be 36/27*(-33)/(-2). Suppose -t - 88 = -5*o. What is the remainder when o is divided by 8?
6
Suppose -4*t + 4*p + p - 135 = 0, -5*t - 147 = p. Suppose 0*b + 24 = 3*b. Calculate the remainder when b is divided by ((-3)/9)/(2/t).
3
What is the remainder when 62 is divided by (0 + 0 - 3) + (19 - 0)?
14
Suppose 3 = u + 4. Let a be 1788/8 - u/(-2). What is the remainder when a/9 + 2/9 is divided by 13?
12
Suppose -45 = -5*n - a, 6*a - 5*a = 4*n - 45. Calculate the remainder when 257/7 - (-2)/7 is divided by n.
7
Calculate the remainder when (-18 - (1 + 3))*-4 is divided by 18.
16
Let u(r) = -2*r - 12. Let p be u(-8). Suppose t + 68 = -5*a, 5*a - p*t = -42 - 11. Let d = a - -56. What is the remainder when d is divided by 22?
21
Let o(m) = 18*m - 1. Calculate the remainder when o(1) is divided by 1 - 3/(3/(-5)).
5
Suppose 19 + 11 = 3*q. Let t(l) be the second derivative of -l**5/20 + 2*l**4/3 + l**3/2 + 3*l**2/2 - 6*l. Calculate the remainder when t(8) is divided by q.
7
Let a = -28 + 47. Let k = -57 - -67. Calculate the remainder when a is divided by k.
9
Suppose -8*k + x + 144 = -3*k, -48 = -2*k - 2*x. Suppose 2*z + 2*z - 60 = 0. Calculate the remainder when k is divided by z.
13
Let f = 13 - 8. What is the remainder when 21 is divided by f?
1
Let v(q) = -q**3 - 7*q**2 + 2. Calculate the remainder when 9 is divided by v(-7).
1
Let v(r) = r**3 - 6*r**2 - 6*r - 1. What is the remainder when v(7) is divided by 2?
0
Calculate the remainder when ((-8)/(-5))/(((-40)/(-575))/4) is divided by 16.
12
Let f(d) = -7*d - 2. Let q = 1 + 4. Calculate the remainder when f(-3) is divided by q.
4
Let h(b) = -b**3 + 3*b**2 - 3*b + 3. Let d be h(3). Let f = 7 - d. Let y = 59 - 36. What is the remainder when y is divided by f?
10
Let q = 3 + -12. Let x = 12 + q. Calculate the remainder when 8 is divided by x.
2
Suppose -4 = -2*n - 2*j, -4*n + 0*j = -5*j - 26. Suppose -n*t = 2*x - 8, 3*t + x = 3 + 3. Suppose 8 = 2*g + 2. Calculate the remainder when g is divided by t.
1
Let v(a) = -33*a**3 + a**2 - 1. Calculate the remainder when v(-1) is divided by 19.
14
Let b(c) = -c**3 + c**2 + 5. Suppose r - 4 = 1. Suppose 5 = 5*y - r. Calculate the remainder when b(0) is divided by y.
1
Let j = -39 - -85. Suppose 0*k + 96 = 4*k. What is the remainder when j is divided by k?
22
Let z = 259 - 100. What is the remainder when z is divided by 40?
39
Suppose -4*j - 3*b + 2*b = -40, 1 = j - 2*b. What is the remainder when 25 is divided by j?
7
Let p(m) = m**2 - 12. Suppose 2*u - 6 = -4. What is the remainder when (8 + 0)/(u/3) is divided by p(5)?
11
Let a = 54 - 33. Calculate the remainder when 41 is divided by a.
20
Suppose -3*z - 15 = h + 4, 4*z + 34 = 3*h. Let p = 6 + -3. Calculate the remainder when z/(14/(-8)) + 1 is divided by p.
2
Let v(j) = j**3 + 6*j**2 + 4*j - 5. What is the remainder when v(-4) is divided by 7?
4
Let h = 34 + 3. Suppose 5*g + 2*c - 15 = h, -4*g + 43 = 3*c. Suppose 0 = 3*a + g - 28. What is the remainder when 17 is divided by a?
5
Let z = -12 - -8. Calculate the remainder when (2 - 0)*(-12)/z is divided by 4.
2
Let v be 2 - (0 - -3)*-1. Let w = 13 - v. Suppose -4*q + 3*h + h + 80 = 0, 3*q + h = 72. Calculate the remainder when q is divided 